Let p(j) = -j**2 + 4*j + 3. Let h be p(4). Suppose 5*d = 2*x + 22, 8 = -h*x - 5*d + 25. Calculate y(x).
0
Let s(z) be the first derivative of -5/6*z**3 + 1/12*z**4 + 4 + 4*z - z**2. Let x(n) be the first derivative of s(n). What is x(4)?
-6
Let s(g) = g**3 - g**2 + 6. Let v = -45 + 45. Give s(v).
6
Let p(k) be the first derivative of k**4/4 - 4*k**3/3 - 5*k**2/2 + 4*k + 29. Suppose -t + 3 = 0, -24 = -5*o - 5*t - 4. Let q be o + 1 + (-1 - -4). What is p(q)?
4
Let k(i) = -6*i - 4*i**2 + 3*i**2 + 2 - 6. Suppose 0 = 2*x + 12 - 2. Give k(x).
1
Let g(x) = -x**2 - 7*x - 4. Let l(n) = -n**2 + 2*n - 6. Let d be l(6). Let f = -18 - d. Let j be 2/(-12) - 58/f. Give g(j).
6
Let v = -1 + 2. Let g(m) = m + 1. Let h(w) = 3*w**3 - 2*w**2 + 8*w + 5. Let d(a) = 2*a - 2. Let z be d(-2). Let q(t) = z*g(t) + h(t). What is q(v)?
2
Let l(n) = 3 - 10*n + 0*n**2 - 7 + 18*n - n**2. Let p(d) = -5 + 4 + 2 - d. Let u be p(-3). Determine l(u).
12
Let f be ((-4)/10)/((-5)/25). Let s(w) = -2*w + 3. What is s(f)?
-1
Let a = -3 - -2. Let s(f) be the second derivative of -f**5/5 - f**4/6 + f**2/2 + 10*f. Give s(a).
3
Let p(d) = -d**2 - 2*d + 1. Suppose -u = 2*u - 15. Suppose u*r - 9 = 6. Let l = r + -5. What is p(l)?
1
Let z(b) be the second derivative of b**5/120 - 5*b**4/24 - 2*b**3/3 - 3*b. Let k(t) be the second derivative of z(t). Calculate k(6).
1
Let u(c) be the second derivative of 2*c - 1/6*c**3 + 0 + 3/2*c**2. What is u(4)?
-1
Let d(r) be the second derivative of -r**5/20 + r**4/2 - 7*r**3/6 + r**2 - r. Let l be ((-2)/(-7))/(3/21). Let u be 1 - (-3 + l + -3). Determine d(u).
-8
Let o(x) = 2*x + 5. Let b(a) = 3*a**3 - 4*a**2 + 5*a. Let k(t) = 1 + t**3 + t**2 - t - 2*t**3 + 0*t**3. Let g(j) = -b(j) - 4*k(j). Let c be g(0). Give o(c).
-3
Let f(u) = u**2 - 3*u + 5. Let p(v) = 2*v**2 - v**2 - 2*v + 6 - 2*v. Let y be (8 + -2 - -1) + 0. Let z(s) = y*f(s) - 6*p(s). Determine z(-2).
-3
Let u(t) be the second derivative of -t - t**2 + 0 - 1/120*t**6 + 1/24*t**4 + t**3 + 1/60*t**5. Let g(f) be the first derivative of u(f). Give g(0).
6
Let q(z) = z**2 + 6*z + 2. Let g(i) = i**2 + 6*i - 10. Let f be g(-7). What is q(f)?
-7
Let x(p) = -p**2 + 8*p - 3. Suppose -3*f + 17 = 2*s, 4*s - 24 = 6*f - 2*f. Give x(s).
4
Let l(j) = 12 - 4 + 0 + j. Let z be l(-8). Suppose z = -i + 5*i. Let d(b) = -b + 1. What is d(i)?
1
Let s(p) be the third derivative of p**6/120 - p**5/12 + p**4/6 + p**3/3 - 7*p**2. Calculate s(4).
2
Let g(a) be the second derivative of -a**4/2 + a**2/2 + 2*a. Let d be 1/5 + 16/20. Calculate g(d).
-5
Let b(l) = l**2 - 9*l - 6. Let t be b(10). Let d = -35 - -50. Suppose -t*k + k = -d. Let r(s) = -s - 1. Give r(k).
-6
Let v(c) be the third derivative of -c**4/24 - c**3/6 - c**2 + c. Determine v(0).
-1
Let j(w) be the third derivative of w**5/60 - w**4/24 - 5*w**2. Let c = -2 - -3. Give j(c).
0
Let v(f) = f**2 + 5*f - 5. Let l = -10 + 5. Let d be v(l). Let m(y) = -3*y - 5 + 5*y**2 + y**3 - 1 + 0. Calculate m(d).
9
Let l(k) = -k - 1. Suppose -f = -0*f + 4, -3*y + 3*f + 84 = 0. Suppose q + q - y = 0. Let s be (2/6)/((-2)/q). Determine l(s).
1
Let g(m) = 12*m - 8*m - 3 + m**3 - 8*m. What is g(-2)?
-3
Let p(q) be the second derivative of -1/12*q**4 + q - q**3 - 3*q**2 + 0. Let v(k) = -3*k + 1. Let h be v(2). Determine p(h).
-1
Let y(z) = -z**3 - 8*z**2 - 6*z + 10. Let v be y(-7). Suppose 4*b + v*j = 16, -4*j + 8 + 0 = 2*b. Let k(q) = -q**3 + 4*q**2 - 5. Calculate k(b).
-5
Let f = -21 + 24. Let i(z) = z**3 - 3*z**2 - 4. What is i(f)?
-4
Let h(d) = d**3 + d - 1. Let p be h(1). Let f be p/4 + 2/(-8). Let g(t) = 2*t**2 + t + f*t - 3*t**2. Determine g(0).
0
Let o be (2 - 4/6)*-3. Let n(k) = 2*k**3 + 6 + 5*k**2 + 5*k + 2 - k**3 - 3. Determine n(o).
1
Suppose -5*g = -g + 5*o - 33, 5*g + 2*o = 20. Let d(w) = 2*w**2 - w - 2 + 2*w - w**2. Calculate d(g).
4
Let c(q) = -q**3 - 3*q**2 + 2*q - 2. Let g(b) = 3*b. Let a be g(-1). Calculate c(a).
-8
Let s(a) = -a**2 - a + 5. Let l be s(0). Let g be l + (0/3 - 1). Let u(k) = g*k + 1 - 2 + k**2 - 4. Give u(-5).
0
Let f(k) = -k**3 + 3*k**2 + k + 5. Let c = 46 + -2. Suppose -4*m + c = 4*v, 5*v + 2*m = 43 + 3. Suppose 0 = -0*i + 2*i - v. What is f(i)?
-7
Suppose -3*u + u + 2*o = 4, -5*o - 2 = -u. Let p(w) = w**3 + w**2 - 4. What is p(u)?
-22
Suppose 3*t + 5 + 7 = 0. Let c(x) be the first derivative of 3/2*x**2 + 7 - 5*x + 1/3*x**3. Give c(t).
-1
Let b(d) = 82 - 8*d**2 - 94 - 3*d - d**3 + d. Give b(-8).
4
Let b(p) = p**3 + p. Let g be b(1). Let r(s) be the second derivative of 1/20*s**5 + 0 - 1/6*s**3 + s + 3*s**g + 0*s**4. Determine r(0).
6
Let w = 6 + -3. Let g(o) = -3 - o + 0*o**w + o**2 + 2 + o**3. Give g(-2).
-3
Let z(x) = 4*x**3 + 6*x**2 - 2*x - 2. Let c(h) = 7*h**3 + 11*h**2 - 4*h - 4. Let r(i) = 3*c(i) - 5*z(i). Determine r(-4).
-10
Let b(y) = 2*y**3 - y**2. Suppose -5*z = -h + 26, -2*h + 6 = -z - 1. Calculate b(h).
1
Let b(r) = -4*r**2 + 3*r - 3. Let o(s) = -5 - 3*s**2 + 2*s - 1 + 3. Let l(j) = -2*b(j) + 3*o(j). Give l(0).
-3
Let n(l) = -l**3 - 3*l**2 + 5*l + 3. Suppose 2*s = -5*z + 56, 44 = 3*z - 3*s - s. Suppose 4*i + z = -2*f - 0, -11 = 4*f - 5*i. Determine n(f).
-1
Let k be (-12)/5 + (-4)/(-10). Let x(i) = -i**2 + i - 1. Calculate x(k).
-7
Let l(t) = 2*t**2 - 7*t - 4. Let x(q) = -21*q - 12 + q**2 - q**2 + 5*q**2. Suppose 6 = -3*o + 5*f, -5*o = 4*f - 11 - 16. Let g(u) = o*x(u) - 8*l(u). Give g(-5).
6
Let l(o) = -o**3 + 7*o**2 - 5*o - 5. Suppose 4*y - 20 = 4*v, -v + 9 + 4 = 2*y. Calculate l(y).
1
Let u(t) be the second derivative of -t**4/12 + t**3/6 + 2*t. Let f(i) = i**2 + 5*i + 1. Let r(x) = f(x) - 4*u(x). Suppose -4*a - 6 + 2 = 0. Calculate r(a).
5
Let w(g) = 3*g**3 + 1. Suppose 3*h = 5*t + 17, 0 = -2*t - 4*h + 13 + 1. Determine w(t).
-2
Suppose 3*d + 16 = -4*a, -3*a - 8 = -4*d + 4. Let f(r) = -r**2 - 8*r + 4. Give f(a).
20
Let l(v) = -v - 1. Let s(n) = -4*n + 3. Let p(b) = -3*l(b) + s(b). Suppose 0 = -5*h - 2*r, 0 = h - 0*r - 3*r - 17. Let m be h/((-2)/(-1)) - -4. Determine p(m).
1
Let v(k) = k**3 - 4*k**2 - 4*k - 2. Let o = 13 - 8. What is v(o)?
3
Let u(j) = -j**3 + 9*j**2 - 7*j - 5. Let c be u(8). Let s be (c/6)/((-2)/(-28)). Let r = s - 10. Let d(a) = a - 1. Determine d(r).
-4
Let x(o) be the first derivative of 2*o**2 + o + 2. Let l(r) = -r + 1. Let z(q) = 6*l(q) + 2*x(q). Suppose 0 = 5*u - v + 30, -2*u + 4*v - 9 - 3 = 0. Give z(u).
-4
Let o be (-5 - 5)*2/(-5). Let b be ((-3)/o)/(4/16). Let p be (-1 - 2)/((-3)/b). Let m(h) = -h**2 - 2*h - 4. Determine m(p).
-7
Let q(k) = 99*k - 100*k - 4 + 5. Calculate q(1).
0
Suppose -2*i = -0*i + 6. Let v = -2 + 3. Let n be (-3*v)/((-3)/i). Let o(l) = 2*l + 3. Calculate o(n).
-3
Let o = 9 + -7. Let z(l) = -1 + 1 - 3 + o + l. Determine z(-1).
-2
Let c(b) be the second derivative of 1/3*b**3 + b + 0 + 7/2*b**2. Calculate c(-5).
-3
Let c(x) = 27 + x - 16 - 11. Give c(5).
5
Let p(u) be the second derivative of -u - 3/2*u**2 + 1/12*u**4 + 0 - 1/120*u**6 + 0*u**3 + 1/20*u**5. Let m(d) be the first derivative of p(d). What is m(4)?
-8
Let m(k) be the third derivative of 0*k + 5/6*k**3 + 1/12*k**4 + 1/120*k**6 - 1/12*k**5 + 2*k**2 + 0. Calculate m(4).
-3
Let g(k) = -k**3 + k**2 - k + 4. Let l(c) = c**3 - 2*c**2 + c - 5. Let q(t) = 5*g(t) + 4*l(t). What is q(-1)?
-1
Let d(r) = 2*r**2 - 2*r - 5. Let v(c) = c**2 - c - 3. Let n(y) = -4*d(y) + 7*v(y). What is n(0)?
-1
Suppose -10*l - 2 = -12*l - 2*w, 2*l - 5*w = 30. Let p(r) = -r**3 + r**2 + 3. Let t be p(0). Let m(s) = s**2 + 1 - t*s - 1. Determine m(l).
10
Let m(t) = 4*t**2 - 2*t - 1. Let p(d) = d - 1. Let n be p(6). Let b(v) = 5*v**2 - v - 1. Let y(f) = n*b(f) - 6*m(f). Determine y(-5).
-9
Let t(p) = p**3 + 6*p**2 + 4*p + 2. Suppose 4*w + 1 = -19. What is t(w)?
7
Let p(c) be the third derivative of -c**6/120 - c**5/20 + c**4/6 + c**3/6 - 2*c**2. Let n be p(-4). Let l(w) = w**3 - 6 - w + 10*w**3 + 7. Give l(n).
11
Suppose 5*g + 3*h - 12 = 0, -2*g + 0*h - 3*h = -3. Let v(d) be the second derivative of d**3/3 - 2*d**2 - 10*d. Determine v(g).
2
Let t(o) = 2*o - 12. Let k be t(8). Let r(p) = k - 5 + 0 + 5*p. Let q = 1 - 3. What is r(q)?
-11
Suppose 0*m - 30 = 10*m. Let o(n) = n - 8. Let q(c) = c**3 + 4*c**2 + c + 2. Let j be q(-2). Let p(f) = -3. Let b(v) = j*p(v) - 3*o(v). Determine b(m).
9
Let d(f) = 2*f**2 + 3*f. Let u be d(-2). Let k be -2 + -1*-1*u. Let